and 361132.
548
Calculate the highest common factor of 188 and 487.
1
What is the greatest common divisor of 2139 and 6141?
69
Calculate the highest common factor of 1719072 and 36.
36
Calculate the greatest common divisor of 470826 and 27.
27
Calculate the highest common divisor of 211323 and 3.
3
What is the highest common factor of 328 and 277160?
328
What is the greatest common divisor of 393684 and 21624?
636
Calculate the greatest common divisor of 15 and 306465.
15
Calculate the highest common factor of 34 and 72607.
17
Calculate the highest common factor of 1875082 and 319.
319
What is the greatest common factor of 416630 and 2745?
305
Calculate the highest common factor of 474028 and 544.
68
What is the greatest common divisor of 65376 and 18?
18
What is the highest common divisor of 5875 and 3290?
235
Calculate the greatest common factor of 960 and 237840.
240
Calculate the greatest common divisor of 134943 and 279.
93
What is the highest common factor of 1496026 and 14?
14
What is the highest common divisor of 195 and 19240?
65
Calculate the greatest common divisor of 32 and 2765776.
16
Calculate the greatest common factor of 22496 and 1776.
592
What is the highest common divisor of 788749 and 83?
83
Calculate the greatest common factor of 926 and 87507.
463
What is the highest common factor of 52 and 2366182?
26
Calculate the highest common divisor of 47304 and 8424.
648
Calculate the greatest common factor of 236 and 6431.
59
Calculate the highest common factor of 51254 and 2646.
98
Calculate the highest common factor of 59499 and 88.
11
Calculate the highest common divisor of 108566 and 14.
2
Calculate the highest common factor of 3869518 and 67.
67
Calculate the highest common divisor of 2112 and 1368.
24
What is the greatest common divisor of 317 and 1164024?
317
What is the greatest common factor of 3339 and 1215?
9
Calculate the highest common factor of 17745 and 168.
21
What is the greatest common divisor of 6303 and 4730?
11
Calculate the greatest common divisor of 54 and 309123.
27
Calculate the highest common divisor of 123018 and 4578.
42
Calculate the greatest common factor of 16928 and 224.
32
Calculate the greatest common factor of 10062 and 936.
234
What is the highest common divisor of 42028 and 55853?
553
What is the highest common factor of 1687 and 33981?
241
Calculate the highest common divisor of 37530 and 5400.
270
Calculate the highest common factor of 45 and 549360.
45
What is the greatest common factor of 41 and 240547?
41
Calculate the highest common factor of 2574770 and 110.
110
What is the highest common divisor of 4112 and 6112?
16
Calculate the highest common divisor of 63906 and 30.
6
Calculate the greatest common factor of 553 and 220489.
79
Calculate the highest common divisor of 476332 and 4.
4
What is the greatest common divisor of 1302 and 1617518?
434
What is the greatest common divisor of 186 and 765204?
186
Calculate the greatest common divisor of 8670 and 210.
30
Calculate the greatest common factor of 115615 and 380.
95
What is the greatest common factor of 1 and 2377?
1
What is the highest common divisor of 768222 and 1092?
546
What is the highest common factor of 381 and 1298067?
381
What is the greatest common factor of 62239 and 3997?
571
What is the highest common factor of 30607 and 26416?
127
What is the highest common divisor of 241 and 921343?
241
Calculate the greatest common divisor of 7200 and 4880.
80
What is the highest common divisor of 765 and 935?
85
What is the highest common factor of 238225 and 650?
325
What is the highest common factor of 60662 and 70?
14
What is the greatest common divisor of 28 and 363790?
14
Calculate the greatest common divisor of 992 and 28985.
31
What is the greatest common factor of 198 and 112376?
22
Calculate the greatest common divisor of 663 and 351.
39
Calculate the highest common factor of 109777 and 5587.
151
What is the greatest common divisor of 3056 and 1504?
16
What is the highest common factor of 27507 and 1749?
159
What is the highest common factor of 58378 and 1734?
578
Calculate the highest common factor of 20111 and 33631.
169
What is the highest common divisor of 31 and 48?
1
What is the greatest common divisor of 296079 and 613?
613
What is the greatest common factor of 2821 and 1984?
31
What is the greatest common divisor of 4536 and 4?
4
What is the greatest common factor of 59862 and 594?
66
Calculate the greatest common divisor of 101688 and 3.
3
What is the greatest common factor of 79955 and 20?
5
What is the highest common factor of 644 and 20171?
23
What is the greatest common divisor of 614 and 142?
2
What is the greatest common divisor of 248 and 319?
1
What is the highest common divisor of 15 and 81735?
15
Calculate the highest common divisor of 1715 and 1029.
343
What is the highest common factor of 105 and 26390?
35
What is the greatest common factor of 36 and 29529?
9
What is the highest common factor of 840 and 68964?
84
What is the highest common divisor of 833 and 12985?
49
What is the greatest common divisor of 114 and 340632?
114
Calculate the highest common divisor of 2331 and 363377.
259
Calculate the highest common factor of 214182 and 18.
18
What is the highest common factor of 166321 and 236?
59
What is the highest common divisor of 2100 and 20595?
15
Calculate the highest common factor of 63 and 1440.
9
What is the greatest common divisor of 733 and 889129?
733
What is the highest common divisor of 3377 and 483832?
307
Calculate the greatest common factor of 213185 and 140.
35
What is the highest common factor of 319702 and 272?
34
What is the highest common factor of 71720 and 1760?
440
Calculate the highest common factor of 338 and 902096.
26
Calculate the greatest common divisor of 1002 and 471441.
501
Calculate the greatest common factor of 14 and 110866.
14
Calculate the highest common divisor of 3196 and 16796.
68
Calculate the highest common factor of 75979 and 1.
1
Calculate the highest common factor of 64575 and 8897.
287
What is the highest common divisor of 393118 and 44?
22
What is the greatest common factor of 57918 and 3094?
14
What is the greatest common factor of 388 and 48985?
97
What is the highest common divisor of 122769 and 270?
27
Calculate the greatest common factor of 147 and 5796.
21
What is the greatest common divisor of 733144 and 904?
904
What is the greatest common factor of 1092324 and 5902?
454
What is the highest common divisor of 3270 and 37714?
218
Calculate the greatest common factor of 16291268 and 28.
28
What is the highest common divisor of 324475 and 25?
25
What is the highest common divisor of 95078 and 15268?
694
What is the highest common divisor of 3546 and 486?
18
What is the highest common divisor of 15260 and 620428?
436
What is the highest common factor of 196196 and 31262?
1078
Calculate the highest common divisor of 3564 and 111375.
891
Calculate the highest common divisor of 89952 and 96.
96
Calculate the highest common divisor of 390908 and 184.
92
What is the highest common divisor of 117 and 97812?
117
Calculate the greatest common divisor of 2619595 and 55.
55
Calculate the highest common divisor of 28667021 and 1321.
1321
What is the highest common divisor of 120 and 48162?
6
What is the greatest common divisor of 2340849 and 51?
51
Calculate the highest common divisor of 6562 and 204.
34
What is the greatest common factor of 72 and 2121696?
72
What is the greatest common divisor of 12 and 312192?
12
What is the highest common factor of 5505 and 109733?
367
What is the highest common divisor of 807562 and 2331?
259
Calculate the highest common divisor of 704 and 3718.
22
Calculate the highest common factor of 1428 and 144636.
204
Calculate the highest common factor of 9264 and 60.
12
What is the highest common divisor of 41232 and 204?
12
Calculate the greatest common divisor of 36598 and 232.
58
Calculate the highest common divisor of 100 and 6240.
20
Calculate the highest common factor of 2 and 973886.
2
Calculate the greatest common factor of 66 and 2937.
33
Calculate the greatest common divisor of 1649796 and 36.
12
What is the greatest common divisor of 161 and 116557?
7
Calculate the greatest common divisor of 25 and 206725.
25
Calculate t